x(-46).
13
Let c(s) = -48*s**2 + 1923*s - 115. What is c(40)?
5
Let h(r) = -7*r**3 + 142*r**2 + 4331*r - 79. Calculate h(37).
-5
Let v(u) = -104*u + 5609. Determine v(54).
-7
Let l(v) = v**3 + 10*v**2 - 2*v - 89. What is l(-9)?
10
Let r(w) = 2*w**2 + 21*w - 145. Calculate r(5).
10
Let b(n) = 5*n**2 - 7*n - 27. Determine b(-6).
195
Let d(r) = -668*r - 6034. Calculate d(-9).
-22
Let x(c) = c**3 + 8*c**2 - 77*c - 599. Determine x(-7).
-11
Let n(g) = g**3 + 6*g**2 - 2*g - 11. Give n(-8).
-123
Let i(g) = -2*g**3 + 46*g**2 - 42*g - 50. Determine i(22).
-6
Let h(w) = -2*w**3 + w**2 + 7*w + 13. Give h(4).
-71
Let p(n) = 99*n + 26. What is p(-1)?
-73
Let f(t) = 27*t - 797. Determine f(29).
-14
Let x(q) = -2*q**2 - 1079*q - 1080. Determine x(-1).
-3
Let i(m) = -55*m**2 + 17*m + 5. What is i(2)?
-181
Let i(w) = 2*w**3 + w**2 + 4*w + 1. Calculate i(5).
296
Let i(h) = -2*h**3 + 8*h**2 - 21*h + 79. Calculate i(4).
-5
Let l(n) = 28*n - 462. What is l(18)?
42
Let s(a) = 450*a**2 - 8*a + 1. Calculate s(-1).
459
Let h(w) = 67*w**2 - 205*w + 8. Give h(3).
-4
Let z(v) = -v**3 - 7*v**2 - 43*v - 242. Give z(-5).
-77
Let z(c) = 11*c - 238. Determine z(17).
-51
Let c(f) = -10*f**2 - 385*f + 3984. Give c(-47).
-11
Let q(k) = k**3 - 3*k**2 + 21*k - 39. Determine q(2).
-1
Let v(i) = -9519*i - 66695. Give v(-7).
-62
Let s(j) = j**2 - 19*j + 97. What is s(9)?
7
Let h(g) = -g**3 - 12*g**2 - 48*g + 9. Give h(-4).
73
Let f(g) = 772*g + 13927. Calculate f(-18).
31
Let f(d) = d**2 + 17*d - 8493. What is f(84)?
-9
Let r(y) = 2*y**2 + 72*y + 100. Give r(-34).
-36
Let t(f) = -f**3 + 17*f**2 + 59*f - 5. Give t(-3).
-2
Let w(h) = -13*h - 134. Calculate w(-5).
-69
Let f(i) = 31*i - 987. What is f(24)?
-243
Let j(l) = -1855*l + 14846. Give j(8).
6
Let n(r) = -31*r + 3477. Calculate n(112).
5
Let c(d) = -25*d**2 - 32*d + 1062. Calculate c(6).
-30
Let h(c) = -9*c + 70. Give h(-7).
133
Let g(f) = 2*f**2 + 188*f + 172. Give g(-93).
-14
Let n(j) = 511*j + 3508. What is n(-7)?
-69
Let p(d) = -88*d + 962. Calculate p(11).
-6
Let h(v) = 343*v + 15098. Give h(-44).
6
Let u(t) = -5*t**3 + 78*t**2 + 25*t + 124. What is u(16)?
12
Let g(i) = -880*i - 152240. Calculate g(-173).
0
Let a(s) = -370*s**2 - 2957*s + 31. What is a(-8)?
7
Let w(b) = -b**3 - 3*b**2 + 7*b + 11. Calculate w(4).
-73
Let m(q) = -57*q + 2330. Determine m(41).
-7
Let s(q) = -316*q - 1580. What is s(-5)?
0
Let x(p) = -p**2 - 35*p - 9. What is x(-35)?
-9
Let q(f) = 91*f - 3851. What is q(43)?
62
Let k(y) = 5*y**3 + y**2 + y + 21. Determine k(0).
21
Let s(i) = 25*i**3 - 47*i + 46. Calculate s(1).
24
Let a(y) = y**2 - 67*y + 958. Give a(46).
-8
Let z(p) = -7*p**2 - 268*p - 23. Determine z(-38).
53
Let p(m) = m**2 + 15*m - 695. What is p(20)?
5
Let t(n) = 80*n**2 - 285*n + 858. Give t(3).
723
Let z(i) = 3*i**2 + 98*i + 90. Give z(-31).
-65
Let n(p) = 20*p - 389. Give n(22).
51
Let x(m) = -m**2 - 26*m - 98. What is x(-8)?
46
Let f(n) = 4*n**3 - n**2 - n. Calculate f(2).
26
Let j(r) = -r**2 + 195*r + 2490. What is j(-12)?
6
Let i(v) = 19*v + 431. Calculate i(-66).
-823
Let j(b) = 141*b - 3219. What is j(23)?
24
Let a(z) = 179*z**2 - 3*z. Give a(-1).
182
Let p(g) = -70*g**2 - 16*g - 31. Give p(-2).
-279
Let a(u) = -4*u + 250. Give a(55).
30
Let r(y) = -1286*y - 86151. What is r(-67)?
11
Let c(y) = 2*y**2 + 84*y + 105. Give c(-43).
191
Let q(s) = -2*s**3 + 21*s**2 + 18*s - 60. Give q(11).
17
Let f(z) = 1575*z - 4717. Calculate f(3).
8
Let d(c) = -105*c**3 - 3*c + 3. Give d(1).
-105
Let g(k) = -47*k - 410. Give g(-8).
-34
Let c(z) = z**3 - z**2 + 3*z + 30. Calculate c(5).
145
Let n(l) = -9*l**2 + 135*l + 52. Calculate n(15).
52
Let q(h) = -h**3 - 70*h**2 - 78*h - 495. Calculate q(-69).
126
Let q(t) = -6074*t + 54660. Give q(9).
-6
Let m(b) = b**2 - 2*b + 19. What is m(5)?
34
Let c(s) = s**3 + 21*s**2 + 7*s - 119. What is c(-21)?
-266
Let g(a) = 2*a**3 + 53*a**2 + 33*a - 38. Determine g(-26).
-220
Let f(h) = 19*h**2 + 31*h + 18. Give f(-2).
32
Let c(f) = -2*f**2 - 18*f + 265. Determine c(9).
-59
Let t(p) = 8*p**3 + 416*p**2 - 863*p + 48. Give t(-54).
-6
Let z(g) = 13*g**2 - 132*g + 50. Give z(10).
30
Let m(c) = -32*c - 1208. Determine m(-54).
520
Let i(z) = -10*z - 12. Give i(-2).
8
Let y(u) = -u**3 + 6*u + 37. Calculate y(0).
37
Let k(c) = 6*c + 421. Calculate k(-16).
325
Let t(i) = -i**2 + 89*i - 1585. What is t(65)?
-25
Let h(o) = o**2 - 103*o + 379. What is h(99)?
-17
Let l(d) = -23*d**2 - 391*d + 31. Determine l(-17).
31
Let w(m) = 325*m + 59156. Give w(-182).
6
Let w(z) = -2252*z + 101337. Calculate w(45).
-3
Let t(q) = -47*q - 2485. Determine t(-49).
-182
Let d(n) = -325*n + 978. Give d(3).
3
Let b(y) = 6*y + 153. Give b(-46).
-123
Let w(j) = 9*j - 91. Give w(11).
8
Let k(w) = 24*w**2 - 701*w - 39. What is k(29)?
-184
Let s(d) = 25*d**2 - 145*d + 187. Give s(4).
7
Let f(l) = -l**3 - 4*l**2 + 5*l + 22. Give f(4).
-86
Let w(z) = z**2 + 50*z + 136. What is w(-45)?
-89
Let n(o) = 186*o - 936. Calculate n(5).
-6
Let b(f) = -f**3 + 27*f**2 - 30*f + 90. What is b(26)?
-14
Let j(s) = s**2 + 19*s + 69. What is j(-5)?
-1
Let d(l) = -l**3 - 29*l**2 - 26*l + 49. Calculate d(-28).
-7
Let h(g) = 2*g**3 - 8*g**2 + 9*g - 1. Determine h(4).
35
Let j(a) = 395*a + 1202. Determine j(-3).
17
Let w(z) = -109*z**2 + 20*z + 49. Determine w(-2).
-427
Let y(k) = k**3 + 12*k**2 - 453*k - 5432. What is y(-12)?
4
Let g(j) = -405*j + 3310. Determine g(8).
70
Let w(b) = -6*b + 147. What is w(34)?
-57
Let a(d) = -d**3 + 28*d**2 - 38*d + 316. Calculate a(27).
19
Let t(u) = -9*u**3 - 387*u**2 + 11*u + 264. Calculate t(-43).
-209
Let k(w) = 29*w - 141. Give k(6).
33
Let c(b) = -48*b - 227. What is c(-8)?
157
Let n(h) = -3798*h - 34190. What is n(-9)?
-8
Let x(o) = 52*o - 514. Calculate x(10).
6
Let z(t) = 8*t**2 + 326*t - 60. What is z(-41)?
22
Let a(r) = 3553*r - 49751. Give a(14).
-9
Let j(b) = -19534*b - 97673. Determine j(-5).
-3
Let h(n) = 2*n**2 + 146*n - 1114. What is h(7)?
6
Let x(q) = -33*q - 318. What is x(-10)?
12
Let r(y) = -62*y - 924. Determine r(-15).
6
Let d(u) = -4203*u - 16782. Calculate d(-4).
30
Let o(f) = -f**2 + 48*f + 44. Determine o(-5).
-221
Let f(n) = -64*n + 125. Give f(-3).
317
Let q(u) = -547*u + 542. Calculate q(1).
-5
Let g(d) = 9*d - 869. Calculate g(88).
-77
Let q(n) = 3*n**2 + 29*n + 22. Give q(-13).
152
Let f(i) = 1240*i - 2483. What is f(2)?
-3
Let l(p) = -35*p**2 + 904*p + 55. What is l(26)?
-101
Let l(v) = -1718*v - 13750. Give l(-8).
-6
Let h(g) = 16*g - 308. What is h(21)?
28
Let v(x) = -2*x**2 + 8*x + 6. Give v(-6).
-114
Let c(m) = m**3 + 123*m**2 + 469*m - 843. What is c(-119)?
-10
Let z(s) = -s**3 - 16*s**2 - 59*s + 63. Calculate z(-8).
23
Let q(b) = -b**2 - 125*b - 1749. Calculate q(-16).
-5
Let q(b) = 2*b**2 - 35*b + 41. What is q(10)?
-109
Let c(n) = -6*n + 569. What is c(101)?
-37
Let f(o) = -o**3 - 31*o**2 - 7*o - 23. Calculate f(-31).
194
Let z(n) = 19*n - 606. Determine z(33).
21
Let j(r) = -r**3 - 9*r**2 - 408*r - 2768. What is j(-7)?
-10
Let q(r) = -r**3 - 64*r**2 - 735*r - 20. Determine q(-15).
-20
Let f(g) = -12*g**2 - 275*g - 8. Determine f(-23).
-31
Let v(p) = -3*p**3 - 85*p**2 - 18*p + 264. What is v(-28)?
-16
Let y(q) = 76*q**2 + 33*q + 1. Calculate y(-1).
44
Let y(j) = -688*j - 98380. Calculate y(-143).
4
Let d(c) = -2*c**3 - 42*c**2 + 49*c + 135. Give d(-22).
25
Let c(j) = 12*j**2 - 144*j + 412. What is c(7)?
-8
Let p(f) = -2*f**3 - 4*f - 11. Determine p(-2).
13
Let s(q) = -2*q**2 - 26*q - 182. Give s(-12).
-158
Let k(d) = d**2 - 33*d - 3881. Give k(-47).
-121
Let c(d) = -5*d**2 - 63*d + 21. Give c(-14).
-77
Let l(m) = -3*m**2 + 6*m - 51. Give l(5).
-96
Let g(c) = 88*c + 720. Calculate g(-8).
16
Let h(b) = 2610*b + 7833. Determine h(-3).
3
Let p(z) = -658*z - 3533. Determine p(-5).
-243
Let l(o) = o**3 + 29*o**2 - 138*o - 207. Give l(-33).
-9
Let l(q) = -19*q - 3237. Give l(-170).
-7
Let m(l) = 11*l**2 - 17*l - 29. Give m(-2).
49
Let z(c) = -106*c - 1372. Calculate z(-13).
6
Let a(s) = 55*s + 8417. Give a(-153).
2
Let k(a) = -a**3 + 42*a**2 - 80*a + 173. What is k(40)?
173
Let h(u) = -46*u**2 - 201*u - 4. Calculate h(-3).
185
Let c(t) = -242*t**2 + 58*t + 58. What is c(-1)?
-242
Let z(q) = -12282*q + 98264. Calculate z(8).
8
Let i(l) = 4*l**3 + 61*l**2 + 9*l - 81. Calculate i(-15).
9
Let j(s) = 2*s**3 